{"id":901,"date":"2021-11-30T13:36:44","date_gmt":"2021-11-30T13:36:44","guid":{"rendered":"http:\/\/176.32.230.6\/heimdall.se\/?page_id=901"},"modified":"2023-02-20T10:48:33","modified_gmt":"2023-02-20T10:48:33","slug":"polerade-betonggolv","status":"publish","type":"page","link":"http:\/\/176.32.230.6\/heimdall.se\/polerade-betonggolv\/","title":{"rendered":"Polerade betonggolv"},"content":{"rendered":"\t\t<div data-elementor-type=\"wp-page\" data-elementor-id=\"901\" class=\"elementor elementor-901\">\n\t\t\t\t\t\t<section class=\"elementor-section elementor-top-section elementor-element elementor-element-fd5d909 elementor-section-boxed elementor-section-height-default elementor-section-height-default\" data-id=\"fd5d909\" data-element_type=\"section\" data-e-type=\"section\">\n\t\t\t\t\t\t<div class=\"elementor-container elementor-column-gap-default\">\n\t\t\t\t\t<div class=\"elementor-column elementor-col-100 elementor-top-column elementor-element elementor-element-79048a1\" data-id=\"79048a1\" data-element_type=\"column\" data-e-type=\"column\">\n\t\t\t<div class=\"elementor-widget-wrap elementor-element-populated\">\n\t\t\t\t\t\t<div class=\"elementor-element elementor-element-4fd9a97 elementor-widget elementor-widget-heading\" data-id=\"4fd9a97\" data-element_type=\"widget\" data-e-type=\"widget\" data-widget_type=\"heading.default\">\n\t\t\t\t<div class=\"elementor-widget-container\">\n\t\t\t\t\t<h1 class=\"elementor-heading-title elementor-size-default\">Polerade betonggolv<\/h1>\t\t\t\t<\/div>\n\t\t\t\t<\/div>\n\t\t\t\t<div class=\"elementor-element elementor-element-bc2d735 elementor-widget elementor-widget-text-editor\" data-id=\"bc2d735\" data-element_type=\"widget\" data-e-type=\"widget\" data-widget_type=\"text-editor.default\">\n\t\t\t\t<div class=\"elementor-widget-container\">\n\t\t\t\t\t\t\t\t\t<p>Polerade betonggolv \u00e4r f\u00f6r er som \u00e4r tr\u00f6tt p\u00e5 golv som flagnar och tappar i sp\u00e4nst. N\u00e4r Heimdall Industrigolv slipar och polerar betonggolv anv\u00e4nder vi slipmaskiner f\u00f6rst som avl\u00e4gsnar betonghuden. N\u00e4sta steg \u00e4r att slipa och polera golvet i ett antal steg f\u00f6r att f\u00f6r\u00e4dla den underliggande betongen.<\/p>\t\t\t\t\t\t\t\t<\/div>\n\t\t\t\t<\/div>\n\t\t\t\t<div class=\"elementor-element elementor-element-f4f1fcc elementor-widget elementor-widget-button\" data-id=\"f4f1fcc\" data-element_type=\"widget\" data-e-type=\"widget\" data-widget_type=\"button.default\">\n\t\t\t\t<div class=\"elementor-widget-container\">\n\t\t\t\t\t\t\t\t\t<div class=\"elementor-button-wrapper\">\n\t\t\t\t\t<a class=\"elementor-button elementor-button-link elementor-size-md\" href=\"http:\/\/176.32.230.6\/heimdall.se\/offert\/\">\n\t\t\t\t\t\t<span class=\"elementor-button-content-wrapper\">\n\t\t\t\t\t\t<span class=\"elementor-button-icon\">\n\t\t\t\t<i aria-hidden=\"true\" class=\"fas fa-angle-double-right\"><\/i>\t\t\t<\/span>\n\t\t\t\t\t\t\t\t\t<span class=\"elementor-button-text\">Offertf\u00f6rfr\u00e5gan<\/span>\n\t\t\t\t\t<\/span>\n\t\t\t\t\t<\/a>\n\t\t\t\t<\/div>\n\t\t\t\t\t\t\t\t<\/div>\n\t\t\t\t<\/div>\n\t\t\t\t<div class=\"elementor-element elementor-element-664db5d elementor-widget elementor-widget-image\" data-id=\"664db5d\" data-element_type=\"widget\" data-e-type=\"widget\" data-widget_type=\"image.default\">\n\t\t\t\t<div class=\"elementor-widget-container\">\n\t\t\t\t\t\t\t\t\t\t\t\t\t\t\t<img fetchpriority=\"high\" decoding=\"async\" width=\"667\" height=\"500\" src=\"http:\/\/176.32.230.6\/heimdall.se\/wp-content\/uploads\/2021\/11\/betonggolv-heimdall-ab.jpg\" class=\"attachment-full size-full wp-image-786\" alt=\"betonggolv heimdall ab\" srcset=\"http:\/\/176.32.230.6\/heimdall.se\/wp-content\/uploads\/2021\/11\/betonggolv-heimdall-ab.jpg 667w, http:\/\/176.32.230.6\/heimdall.se\/wp-content\/uploads\/2021\/11\/betonggolv-heimdall-ab-300x225.jpg 300w\" sizes=\"(max-width: 667px) 100vw, 667px\" \/>\t\t\t\t\t\t\t\t\t\t\t\t\t\t\t<\/div>\n\t\t\t\t<\/div>\n\t\t\t\t<div class=\"elementor-element elementor-element-cabd90c elementor-widget elementor-widget-gallery\" data-id=\"cabd90c\" data-element_type=\"widget\" data-e-type=\"widget\" data-settings=\"{&quot;columns_mobile&quot;:2,&quot;lazyload&quot;:&quot;yes&quot;,&quot;gallery_layout&quot;:&quot;grid&quot;,&quot;columns&quot;:4,&quot;columns_tablet&quot;:2,&quot;gap&quot;:{&quot;unit&quot;:&quot;px&quot;,&quot;size&quot;:10,&quot;sizes&quot;:[]},&quot;gap_tablet&quot;:{&quot;unit&quot;:&quot;px&quot;,&quot;size&quot;:10,&quot;sizes&quot;:[]},&quot;gap_mobile&quot;:{&quot;unit&quot;:&quot;px&quot;,&quot;size&quot;:10,&quot;sizes&quot;:[]},&quot;link_to&quot;:&quot;file&quot;,&quot;aspect_ratio&quot;:&quot;3:2&quot;,&quot;content_hover_animation&quot;:&quot;fade-in&quot;}\" data-widget_type=\"gallery.default\">\n\t\t\t\t<div class=\"elementor-widget-container\">\n\t\t\t\t\t\t\t<div class=\"elementor-gallery__container\">\n\t\t\t\t\t\t\t<a class=\"e-gallery-item elementor-gallery-item elementor-animated-content\" href=\"http:\/\/176.32.230.6\/heimdall.se\/wp-content\/uploads\/2022\/08\/betonggolv-heimdall-gavle-jpg.jpg\" data-elementor-open-lightbox=\"yes\" data-elementor-lightbox-slideshow=\"all-cabd90c\" data-e-action-hash=\"#elementor-action%3Aaction%3Dlightbox%26settings%3DeyJpZCI6MTMwMywidXJsIjoiaHR0cDpcL1wvMTc2LjMyLjIzMC42XC9oZWltZGFsbC5zZVwvd3AtY29udGVudFwvdXBsb2Fkc1wvMjAyMlwvMDhcL2JldG9uZ2dvbHYtaGVpbWRhbGwtZ2F2bGUtanBnLmpwZyIsInNsaWRlc2hvdyI6ImFsbC1jYWJkOTBjIn0%3D\">\n\t\t\t\t\t<div class=\"e-gallery-image elementor-gallery-item__image\" data-thumbnail=\"http:\/\/176.32.230.6\/heimdall.se\/wp-content\/uploads\/2022\/08\/betonggolv-heimdall-gavle-jpg-275x300.jpg\" data-width=\"275\" data-height=\"300\" alt=\"betonggolv-heimdall-g\u00e4vle jpg\" ><\/div>\n\t\t\t\t\t\t\t\t\t\t\t\t\t\t<\/a>\n\t\t\t\t\t\t\t<a class=\"e-gallery-item elementor-gallery-item elementor-animated-content\" href=\"http:\/\/176.32.230.6\/heimdall.se\/wp-content\/uploads\/2021\/11\/golvdokumentation.jpg\" data-elementor-open-lightbox=\"yes\" data-elementor-lightbox-slideshow=\"all-cabd90c\" data-e-action-hash=\"#elementor-action%3Aaction%3Dlightbox%26settings%3DeyJpZCI6ODc0LCJ1cmwiOiJodHRwOlwvXC8xNzYuMzIuMjMwLjZcL2hlaW1kYWxsLnNlXC93cC1jb250ZW50XC91cGxvYWRzXC8yMDIxXC8xMVwvZ29sdmRva3VtZW50YXRpb24uanBnIiwic2xpZGVzaG93IjoiYWxsLWNhYmQ5MGMifQ%3D%3D\">\n\t\t\t\t\t<div class=\"e-gallery-image elementor-gallery-item__image\" data-thumbnail=\"http:\/\/176.32.230.6\/heimdall.se\/wp-content\/uploads\/2021\/11\/golvdokumentation-300x197.jpg\" data-width=\"300\" data-height=\"197\" alt=\"golvdokumentation\" ><\/div>\n\t\t\t\t\t\t\t\t\t\t\t\t\t\t<\/a>\n\t\t\t\t\t\t\t<a class=\"e-gallery-item elementor-gallery-item elementor-animated-content\" href=\"http:\/\/176.32.230.6\/heimdall.se\/wp-content\/uploads\/2022\/08\/betonggolv-galleri.jpg\" data-elementor-open-lightbox=\"yes\" data-elementor-lightbox-slideshow=\"all-cabd90c\" data-e-action-hash=\"#elementor-action%3Aaction%3Dlightbox%26settings%3DeyJpZCI6MTMwNSwidXJsIjoiaHR0cDpcL1wvMTc2LjMyLjIzMC42XC9oZWltZGFsbC5zZVwvd3AtY29udGVudFwvdXBsb2Fkc1wvMjAyMlwvMDhcL2JldG9uZ2dvbHYtZ2FsbGVyaS5qcGciLCJzbGlkZXNob3ciOiJhbGwtY2FiZDkwYyJ9\">\n\t\t\t\t\t<div class=\"e-gallery-image elementor-gallery-item__image\" data-thumbnail=\"http:\/\/176.32.230.6\/heimdall.se\/wp-content\/uploads\/2022\/08\/betonggolv-galleri-300x194.jpg\" data-width=\"300\" data-height=\"194\" alt=\"betonggolv-galleri\" ><\/div>\n\t\t\t\t\t\t\t\t\t\t\t\t\t\t<\/a>\n\t\t\t\t\t\t\t<a class=\"e-gallery-item elementor-gallery-item elementor-animated-content\" href=\"http:\/\/176.32.230.6\/heimdall.se\/wp-content\/uploads\/2022\/08\/polerat-golv.jpg\" data-elementor-open-lightbox=\"yes\" data-elementor-lightbox-slideshow=\"all-cabd90c\" data-e-action-hash=\"#elementor-action%3Aaction%3Dlightbox%26settings%3DeyJpZCI6MTMwNiwidXJsIjoiaHR0cDpcL1wvMTc2LjMyLjIzMC42XC9oZWltZGFsbC5zZVwvd3AtY29udGVudFwvdXBsb2Fkc1wvMjAyMlwvMDhcL3BvbGVyYXQtZ29sdi5qcGciLCJzbGlkZXNob3ciOiJhbGwtY2FiZDkwYyJ9\">\n\t\t\t\t\t<div class=\"e-gallery-image elementor-gallery-item__image\" data-thumbnail=\"http:\/\/176.32.230.6\/heimdall.se\/wp-content\/uploads\/2022\/08\/polerat-golv-298x300.jpg\" data-width=\"298\" data-height=\"300\" alt=\"polerat-golv\" ><\/div>\n\t\t\t\t\t\t\t\t\t\t\t\t\t\t<\/a>\n\t\t\t\t\t<\/div>\n\t\t\t\t\t<\/div>\n\t\t\t\t<\/div>\n\t\t\t\t<div class=\"elementor-element elementor-element-1ba6618 elementor-widget elementor-widget-text-editor\" data-id=\"1ba6618\" data-element_type=\"widget\" data-e-type=\"widget\" data-widget_type=\"text-editor.default\">\n\t\t\t\t<div class=\"elementor-widget-container\">\n\t\t\t\t\t\t\t\t\t<h2><span style=\"color: #000000;\">F\u00f6rdelar med slipat betonggolv<\/span><\/h2><ul><li><span class=\"\"><strong>Milj\u00f6v\u00e4nlighet:\u00a0<\/strong>Sett till milj\u00f6, ekonomi och slitstyrka s\u00e5 finns ingen b\u00e4ttre golvl\u00f6sning. Inga kemikalier (undantagsvis eventuellt ytskydd) vilket inneb\u00e4r i princip\u00a0obefintliga utsl\u00e4pp av v\u00e4xhusgaser, \u00f6verg\u00f6dning och f\u00f6rsurning. Golven f\u00f6rbrukar upp till 30 g\u00e5nger mindre energi \u00e4n traditionella golvl\u00f6sningar.<\/span><\/li><li><span class=\"\"><strong>L\u00e5g livscykelkostnad\u00a0&#8211;\u00a0<\/strong>Eftersom materialm\u00e4ngden \u00e4r n\u00e4stintill obefintlig \u00e4r installationskostnaden l\u00e5g. Golvets slitstyrka \u00e4r dessutom n\u00e4stintill obegr\u00e4nsad och h\u00e5ller d\u00e4rf\u00f6r \u00f6ver l\u00e5ng tid. Underh\u00e5llskostnaden \u00e4r ocks\u00e5 l\u00e5g med HTC Twister- systemet.<\/span><\/li><li><span class=\"\"><strong>ESD- antistat\u00a0<\/strong>&#8211; Golvet fungerar f\u00f6r elektronikindustrin eftersom det \u00e4r antistatiskt.\u00a0L\u00e4s mer om ESD- antistat f\u00f6r HTC Superfloor\u2122\u00a0<a href=\"http:\/\/176.32.230.6\/heimdall.se\/esd-anti-stat\/\">h\u00e4r<\/a>!<\/span><\/li><li><span class=\"\"><strong>Enkelt underh\u00e5ll<\/strong>\u00a0&#8211;\u00a0Med HTC- metoden Twister kan alla typer av Superfloor h\u00e5llas rena med minimala insatser. Inga kemikalier eller polermedel kr\u00e4vs, enbart vatten!<\/span><\/li><\/ul><h2><span style=\"color: #000000;\"><span class=\"\">2 slipsystem<\/span><\/span><\/h2><div class=\"\"><span style=\"color: #000000;\"><span class=\"\">Heimdall \u00e4r rekommenderade utf\u00f6rare av b\u00e5de\u00a0<a href=\"http:\/\/176.32.230.6\/heimdall.se\/htc-superfloor\/\">HTC Superfloor<\/a>\u00a0och\u00a0<a href=\"http:\/\/176.32.230.6\/heimdall.se\/husqvarna-hiperfloor\/\">Husqvarna HiPERFLOOR<\/a>. Skillnaderna \u00e4r sm\u00e5 och skillnaderna handlar snarare om paketeringen av respektive leverant\u00f6rs varunamn. Vi rekommenderar att du l\u00e4ser p\u00e5 respektive sida f\u00f6r mer detaljerad information.<br \/><\/span><\/span><\/div><div>\u00a0<\/div><h2><span style=\"color: #000000;\"><span class=\"\">Tips inf\u00f6r gjutningen<\/span><\/span><\/h2><div class=\"\"><span style=\"color: #000000;\"><span class=\"\">Om du vill slipa en platta som \u00e4r nygjuten b\u00f6r du vara medveten om vissa anpassningar vi rekommenderar. <a href=\"http:\/\/176.32.230.6\/heimdall.se\/gjutguiden-del-i-betongkvalitet\/\">L\u00e4s v\u00e5r artikel h\u00e4r<\/a> f\u00f6r att l\u00e4ra dig mer om betongkvalitet, ballast, inf\u00e4rgning etc!<br \/><\/span><\/span><\/div>\t\t\t\t\t\t\t\t<\/div>\n\t\t\t\t<\/div>\n\t\t\t\t<section class=\"elementor-section elementor-inner-section elementor-element elementor-element-beb7d24 elementor-section-boxed elementor-section-height-default elementor-section-height-default\" data-id=\"beb7d24\" data-element_type=\"section\" data-e-type=\"section\">\n\t\t\t\t\t\t<div class=\"elementor-container elementor-column-gap-no\">\n\t\t\t\t\t<div class=\"elementor-column elementor-col-33 elementor-inner-column elementor-element elementor-element-52ac3fa\" data-id=\"52ac3fa\" data-element_type=\"column\" data-e-type=\"column\">\n\t\t\t<div class=\"elementor-widget-wrap elementor-element-populated\">\n\t\t\t\t\t\t<div class=\"elementor-element elementor-element-c6c4caf elementor-cta--skin-cover elementor-bg-transform elementor-bg-transform-zoom-in elementor-widget elementor-widget-call-to-action\" data-id=\"c6c4caf\" data-element_type=\"widget\" data-e-type=\"widget\" data-widget_type=\"call-to-action.default\">\n\t\t\t\t<div class=\"elementor-widget-container\">\n\t\t\t\t\t\t\t<a class=\"elementor-cta\" href=\"http:\/\/176.32.230.6\/heimdall.se\/htc-superfloor\/\">\n\t\t\t\t\t<div class=\"elementor-cta__bg-wrapper\">\n\t\t\t\t<div class=\"elementor-cta__bg elementor-bg\" style=\"background-image: url(http:\/\/176.32.230.6\/heimdall.se\/wp-content\/uploads\/2022\/08\/HTC-Superfloor-Heimdall.jpg);\"><\/div>\n\t\t\t\t<div class=\"elementor-cta__bg-overlay\"><\/div>\n\t\t\t<\/div>\n\t\t\t\t\t\t\t<div class=\"elementor-cta__content\">\n\t\t\t\t\n\t\t\t\t<h2 class=\"elementor-cta__title elementor-cta__content-item elementor-content-item\">HTC Superfloor\u2122<\/h2>\n\t\t\t\t\n\t\t\t\t\t\t\t<\/div>\n\t\t\t\t\t\t<\/a>\n\t\t\t\t\t\t<\/div>\n\t\t\t\t<\/div>\n\t\t\t\t\t<\/div>\n\t\t<\/div>\n\t\t\t\t<div class=\"elementor-column elementor-col-33 elementor-inner-column elementor-element elementor-element-6dcfec5\" data-id=\"6dcfec5\" data-element_type=\"column\" data-e-type=\"column\">\n\t\t\t<div class=\"elementor-widget-wrap elementor-element-populated\">\n\t\t\t\t\t\t<div class=\"elementor-element elementor-element-555d603 elementor-cta--skin-cover elementor-bg-transform elementor-bg-transform-zoom-in elementor-widget elementor-widget-call-to-action\" data-id=\"555d603\" data-element_type=\"widget\" data-e-type=\"widget\" data-widget_type=\"call-to-action.default\">\n\t\t\t\t<div class=\"elementor-widget-container\">\n\t\t\t\t\t\t\t<a class=\"elementor-cta\" href=\"http:\/\/176.32.230.6\/heimdall.se\/husqvarna-hiperfloor\/\">\n\t\t\t\t\t<div class=\"elementor-cta__bg-wrapper\">\n\t\t\t\t<div class=\"elementor-cta__bg elementor-bg\" style=\"background-image: url(http:\/\/176.32.230.6\/heimdall.se\/wp-content\/uploads\/2022\/08\/HiPERFLOOR-heimdall.jpg);\"><\/div>\n\t\t\t\t<div class=\"elementor-cta__bg-overlay\"><\/div>\n\t\t\t<\/div>\n\t\t\t\t\t\t\t<div class=\"elementor-cta__content\">\n\t\t\t\t\n\t\t\t\t<h2 class=\"elementor-cta__title elementor-cta__content-item elementor-content-item\">HiPERFLOOR\u00ae<\/h2>\n\t\t\t\t\n\t\t\t\t\t\t\t<\/div>\n\t\t\t\t\t\t<\/a>\n\t\t\t\t\t\t<\/div>\n\t\t\t\t<\/div>\n\t\t\t\t\t<\/div>\n\t\t<\/div>\n\t\t\t\t<div class=\"elementor-column elementor-col-33 elementor-inner-column elementor-element elementor-element-f0023a4\" data-id=\"f0023a4\" data-element_type=\"column\" data-e-type=\"column\">\n\t\t\t<div class=\"elementor-widget-wrap elementor-element-populated\">\n\t\t\t\t\t\t<div class=\"elementor-element elementor-element-0300ea3 elementor-cta--skin-cover elementor-bg-transform elementor-bg-transform-zoom-in elementor-widget elementor-widget-call-to-action\" data-id=\"0300ea3\" data-element_type=\"widget\" data-e-type=\"widget\" data-widget_type=\"call-to-action.default\">\n\t\t\t\t<div class=\"elementor-widget-container\">\n\t\t\t\t\t\t\t<a class=\"elementor-cta\" href=\"http:\/\/176.32.230.6\/heimdall.se\/htc-twister\/\">\n\t\t\t\t\t<div class=\"elementor-cta__bg-wrapper\">\n\t\t\t\t<div class=\"elementor-cta__bg elementor-bg\" style=\"background-image: url(http:\/\/176.32.230.6\/heimdall.se\/wp-content\/uploads\/2022\/08\/HTC-Twister-Heimdall.jpg);\"><\/div>\n\t\t\t\t<div class=\"elementor-cta__bg-overlay\"><\/div>\n\t\t\t<\/div>\n\t\t\t\t\t\t\t<div class=\"elementor-cta__content\">\n\t\t\t\t\n\t\t\t\t<h2 class=\"elementor-cta__title elementor-cta__content-item elementor-content-item\">HTC Twister\u2122<\/h2>\n\t\t\t\t\n\t\t\t\t\t\t\t<\/div>\n\t\t\t\t\t\t<\/a>\n\t\t\t\t\t\t<\/div>\n\t\t\t\t<\/div>\n\t\t\t\t\t<\/div>\n\t\t<\/div>\n\t\t\t\t\t<\/div>\n\t\t<\/section>\n\t\t\t\t\t<\/div>\n\t\t<\/div>\n\t\t\t\t\t<\/div>\n\t\t<\/section>\n\t\t\t\t<\/div>\n\t\t","protected":false},"excerpt":{"rendered":"<p>Polerade betonggolv Polerade betonggolv \u00e4r f\u00f6r er som \u00e4r tr\u00f6tt p\u00e5 golv som flagnar och tappar i sp\u00e4nst. N\u00e4r Heimdall Industrigolv slipar och polerar betonggolv anv\u00e4nder vi slipmaskiner f\u00f6rst som avl\u00e4gsnar betonghuden. N\u00e4sta steg \u00e4r att slipa och polera golvet i ett antal steg f\u00f6r att f\u00f6r\u00e4dla den underliggande betongen. Offertf\u00f6rfr\u00e5gan F\u00f6rdelar med slipat betonggolv [&hellip;]<\/p>\n","protected":false},"author":3,"featured_media":0,"parent":0,"menu_order":0,"comment_status":"closed","ping_status":"closed","template":"elementor_header_footer","meta":{"footnotes":""},"class_list":["post-901","page","type-page","status-publish","hentry"],"_links":{"self":[{"href":"http:\/\/176.32.230.6\/heimdall.se\/wp-json\/wp\/v2\/pages\/901","targetHints":{"allow":["GET"]}}],"collection":[{"href":"http:\/\/176.32.230.6\/heimdall.se\/wp-json\/wp\/v2\/pages"}],"about":[{"href":"http:\/\/176.32.230.6\/heimdall.se\/wp-json\/wp\/v2\/types\/page"}],"author":[{"embeddable":true,"href":"http:\/\/176.32.230.6\/heimdall.se\/wp-json\/wp\/v2\/users\/3"}],"replies":[{"embeddable":true,"href":"http:\/\/176.32.230.6\/heimdall.se\/wp-json\/wp\/v2\/comments?post=901"}],"version-history":[{"count":170,"href":"http:\/\/176.32.230.6\/heimdall.se\/wp-json\/wp\/v2\/pages\/901\/revisions"}],"predecessor-version":[{"id":2292,"href":"http:\/\/176.32.230.6\/heimdall.se\/wp-json\/wp\/v2\/pages\/901\/revisions\/2292"}],"wp:attachment":[{"href":"http:\/\/176.32.230.6\/heimdall.se\/wp-json\/wp\/v2\/media?parent=901"}],"curies":[{"name":"wp","href":"https:\/\/api.w.org\/{rel}","templated":true}]}}