{"id":1769,"date":"2023-01-31T11:18:15","date_gmt":"2023-01-31T11:18:15","guid":{"rendered":"http:\/\/176.32.230.6\/heimdall.se\/?page_id=1769"},"modified":"2023-02-01T13:30:25","modified_gmt":"2023-02-01T13:30:25","slug":"sok-jobb","status":"publish","type":"page","link":"http:\/\/176.32.230.6\/heimdall.se\/sok-jobb\/","title":{"rendered":"S\u00f6k jobb"},"content":{"rendered":"\t\t<div data-elementor-type=\"wp-page\" data-elementor-id=\"1769\" class=\"elementor elementor-1769\">\n\t\t\t\t\t\t<section class=\"elementor-section elementor-top-section elementor-element elementor-element-d28e752 elementor-section-boxed elementor-section-height-default elementor-section-height-default\" data-id=\"d28e752\" data-element_type=\"section\" data-e-type=\"section\" data-settings=\"{&quot;background_background&quot;:&quot;classic&quot;}\">\n\t\t\t\t\t\t<div class=\"elementor-container elementor-column-gap-default\">\n\t\t\t\t\t<div class=\"elementor-column elementor-col-50 elementor-top-column elementor-element elementor-element-572b011\" data-id=\"572b011\" data-element_type=\"column\" data-e-type=\"column\">\n\t\t\t<div class=\"elementor-widget-wrap elementor-element-populated\">\n\t\t\t\t\t\t<div class=\"elementor-element elementor-element-f17a10e elementor-widget elementor-widget-heading\" data-id=\"f17a10e\" data-element_type=\"widget\" data-e-type=\"widget\" data-widget_type=\"heading.default\">\n\t\t\t\t<div class=\"elementor-widget-container\">\n\t\t\t\t\t<h1 class=\"elementor-heading-title elementor-size-default\">S\u00f6k jobb utan CV eller personligt brev<\/h1>\t\t\t\t<\/div>\n\t\t\t\t<\/div>\n\t\t\t\t<div class=\"elementor-element elementor-element-3242992 elementor-widget elementor-widget-text-editor\" data-id=\"3242992\" data-element_type=\"widget\" data-e-type=\"widget\" data-widget_type=\"text-editor.default\">\n\t\t\t\t<div class=\"elementor-widget-container\">\n\t\t\t\t\t\t\t\t\t<p>H\u00e4r kan du s\u00f6ka jobb som golvl\u00e4ggare hos oss! Vi rekryterar kontinuerligt och beh\u00f6ver ofta personal. N\u00e4r du s\u00f6ker genom detta formul\u00e4r hamnar du i v\u00e5r databas f\u00f6r arbetstagare, vilket betyder att vi kan ta kontakt med dig n\u00e4r vi s\u00f6ker personal.<\/p><p>Genom att s\u00f6ka genom detta formul\u00e4r godk\u00e4nner du att vi lagrar dina personuppgifter.<\/p>\t\t\t\t\t\t\t\t<\/div>\n\t\t\t\t<\/div>\n\t\t\t\t<div class=\"elementor-element elementor-element-0d47110 elementor-widget elementor-widget-text-editor\" data-id=\"0d47110\" data-element_type=\"widget\" data-e-type=\"widget\" data-widget_type=\"text-editor.default\">\n\t\t\t\t<div class=\"elementor-widget-container\">\n\t\t\t\t\t\t\t\t\t<p>OBS* Du beh\u00f6ver inte fylla i varje fr\u00e5ga om du inte kan. Ange dock g\u00e4rna minst en referensperson.<\/p>\t\t\t\t\t\t\t\t<\/div>\n\t\t\t\t<\/div>\n\t\t\t\t\t<\/div>\n\t\t<\/div>\n\t\t\t\t<div class=\"elementor-column elementor-col-50 elementor-top-column elementor-element elementor-element-3824cb5\" data-id=\"3824cb5\" data-element_type=\"column\" data-e-type=\"column\">\n\t\t\t<div class=\"elementor-widget-wrap elementor-element-populated\">\n\t\t\t\t\t\t<div class=\"elementor-element elementor-element-24431c7 elementor-widget elementor-widget-image\" data-id=\"24431c7\" data-element_type=\"widget\" data-e-type=\"widget\" data-widget_type=\"image.default\">\n\t\t\t\t<div class=\"elementor-widget-container\">\n\t\t\t\t\t\t\t\t\t\t\t\t\t\t\t<img fetchpriority=\"high\" decoding=\"async\" width=\"800\" height=\"534\" src=\"http:\/\/176.32.230.6\/heimdall.se\/wp-content\/uploads\/2023\/01\/Gjutning2.jpg\" class=\"attachment-large size-large wp-image-1701\" alt=\"\" srcset=\"http:\/\/176.32.230.6\/heimdall.se\/wp-content\/uploads\/2023\/01\/Gjutning2.jpg 900w, http:\/\/176.32.230.6\/heimdall.se\/wp-content\/uploads\/2023\/01\/Gjutning2-300x200.jpg 300w, http:\/\/176.32.230.6\/heimdall.se\/wp-content\/uploads\/2023\/01\/Gjutning2-768x513.jpg 768w\" sizes=\"(max-width: 800px) 100vw, 800px\" \/>\t\t\t\t\t\t\t\t\t\t\t\t\t\t\t<\/div>\n\t\t\t\t<\/div>\n\t\t\t\t\t<\/div>\n\t\t<\/div>\n\t\t\t\t\t<\/div>\n\t\t<\/section>\n\t\t\t\t<section class=\"elementor-section elementor-top-section elementor-element elementor-element-b7e226b elementor-section-boxed elementor-section-height-default elementor-section-height-default\" data-id=\"b7e226b\" data-element_type=\"section\" data-e-type=\"section\" data-settings=\"{&quot;background_background&quot;:&quot;classic&quot;}\">\n\t\t\t\t\t\t<div class=\"elementor-container elementor-column-gap-default\">\n\t\t\t\t\t<div class=\"elementor-column elementor-col-100 elementor-top-column elementor-element elementor-element-32d248c\" data-id=\"32d248c\" data-element_type=\"column\" data-e-type=\"column\">\n\t\t\t<div class=\"elementor-widget-wrap elementor-element-populated\">\n\t\t\t\t\t\t<div class=\"elementor-element elementor-element-4fd3db9 elementor-mobile-button-align-stretch elementor-button-align-start elementor-widget elementor-widget-form\" data-id=\"4fd3db9\" data-element_type=\"widget\" data-e-type=\"widget\" data-settings=\"{&quot;step_next_label&quot;:&quot;Next&quot;,&quot;step_previous_label&quot;:&quot;Previous&quot;,&quot;button_width&quot;:&quot;100&quot;,&quot;step_type&quot;:&quot;number_text&quot;,&quot;step_icon_shape&quot;:&quot;circle&quot;}\" data-widget_type=\"form.default\">\n\t\t\t\t<div class=\"elementor-widget-container\">\n\t\t\t\t\t\t\t<form class=\"elementor-form\" method=\"post\" name=\"Offert\">\n\t\t\t<input type=\"hidden\" name=\"post_id\" value=\"1769\"\/>\n\t\t\t<input type=\"hidden\" name=\"form_id\" value=\"4fd3db9\"\/>\n\t\t\t<input type=\"hidden\" name=\"referer_title\" value=\"\" \/>\n\n\t\t\t\n\t\t\t<div class=\"elementor-form-fields-wrapper elementor-labels-above\">\n\t\t\t\t\t\t\t\t<div class=\"elementor-field-type-text elementor-field-group elementor-column elementor-field-group-name elementor-col-100 elementor-md-100\">\n\t\t\t\t\t\t\t\t\t\t\t\t<label for=\"form-field-name\" class=\"elementor-field-label\">\n\t\t\t\t\t\t\t\tF\u00f6r och Efternamn\t\t\t\t\t\t\t<\/label>\n\t\t\t\t\t\t\t\t\t\t\t\t\t\t<input size=\"1\" type=\"text\" name=\"form_fields[name]\" id=\"form-field-name\" class=\"elementor-field elementor-size-xs  elementor-field-textual\">\n\t\t\t\t\t\t\t\t\t\t\t<\/div>\n\t\t\t\t\t\t\t\t<div class=\"elementor-field-type-number elementor-field-group elementor-column elementor-field-group-field_10ce35c elementor-col-100 elementor-md-100\">\n\t\t\t\t\t\t\t\t\t\t\t\t<label for=\"form-field-field_10ce35c\" class=\"elementor-field-label\">\n\t\t\t\t\t\t\t\t\u00c5lder\t\t\t\t\t\t\t<\/label>\n\t\t\t\t\t\t\t\t\t<input type=\"number\" name=\"form_fields[field_10ce35c]\" id=\"form-field-field_10ce35c\" class=\"elementor-field elementor-size-xs  elementor-field-textual\" min=\"\" max=\"\" >\n\t\t\t\t\t\t<\/div>\n\t\t\t\t\t\t\t\t<div class=\"elementor-field-type-email elementor-field-group elementor-column elementor-field-group-email elementor-col-100 elementor-md-100\">\n\t\t\t\t\t\t\t\t\t\t\t\t<label for=\"form-field-email\" class=\"elementor-field-label\">\n\t\t\t\t\t\t\t\tEmail\t\t\t\t\t\t\t<\/label>\n\t\t\t\t\t\t\t\t\t\t\t\t\t\t<input size=\"1\" type=\"email\" name=\"form_fields[email]\" id=\"form-field-email\" class=\"elementor-field elementor-size-xs  elementor-field-textual\">\n\t\t\t\t\t\t\t\t\t\t\t<\/div>\n\t\t\t\t\t\t\t\t<div class=\"elementor-field-type-tel elementor-field-group elementor-column elementor-field-group-field_0fbfb8e elementor-col-100 elementor-md-100\">\n\t\t\t\t\t\t\t\t\t\t\t\t<label for=\"form-field-field_0fbfb8e\" class=\"elementor-field-label\">\n\t\t\t\t\t\t\t\tTelefon\t\t\t\t\t\t\t<\/label>\n\t\t\t\t\t\t\t\t<input size=\"1\" type=\"tel\" name=\"form_fields[field_0fbfb8e]\" id=\"form-field-field_0fbfb8e\" class=\"elementor-field elementor-size-xs  elementor-field-textual\" pattern=\"[0-9()#&amp;+*-=.]+\" title=\"Endast siffror och telefontecken (#, -, *, etc) accepteras.\">\n\n\t\t\t\t\t\t<\/div>\n\t\t\t\t\t\t\t\t<div class=\"elementor-field-type-text elementor-field-group elementor-column elementor-field-group-field_968ed22 elementor-col-100 elementor-md-100\">\n\t\t\t\t\t\t\t\t\t\t\t\t<label for=\"form-field-field_968ed22\" class=\"elementor-field-label\">\n\t\t\t\t\t\t\t\tAdress\t\t\t\t\t\t\t<\/label>\n\t\t\t\t\t\t\t\t\t\t\t\t\t\t<input size=\"1\" type=\"text\" name=\"form_fields[field_968ed22]\" id=\"form-field-field_968ed22\" class=\"elementor-field elementor-size-xs  elementor-field-textual\">\n\t\t\t\t\t\t\t\t\t\t\t<\/div>\n\t\t\t\t\t\t\t\t<div class=\"elementor-field-type-text elementor-field-group elementor-column elementor-field-group-message elementor-col-100\">\n\t\t\t\t\t\t\t\t\t\t\t\t<label for=\"form-field-message\" class=\"elementor-field-label\">\n\t\t\t\t\t\t\t\tPostnummer och ort\t\t\t\t\t\t\t<\/label>\n\t\t\t\t\t\t\t\t\t\t\t\t\t\t<input size=\"1\" type=\"text\" name=\"form_fields[message]\" id=\"form-field-message\" class=\"elementor-field elementor-size-xs  elementor-field-textual\">\n\t\t\t\t\t\t\t\t\t\t\t<\/div>\n\t\t\t\t\t\t\t\t<div class=\"elementor-field-type-text elementor-field-group elementor-column elementor-field-group-field_ba76d07 elementor-col-100\">\n\t\t\t\t\t\t\t\t\t\t\t\t<label for=\"form-field-field_ba76d07\" class=\"elementor-field-label\">\n\t\t\t\t\t\t\t\tTidigare arbetsplats 1\t\t\t\t\t\t\t<\/label>\n\t\t\t\t\t\t\t\t\t\t\t\t\t\t<input size=\"1\" type=\"text\" name=\"form_fields[field_ba76d07]\" id=\"form-field-field_ba76d07\" class=\"elementor-field elementor-size-xs  elementor-field-textual\" placeholder=\"Fyll i tidigare arbetsplats, kort arbetsbeskrivning samt \u00e5rtal\">\n\t\t\t\t\t\t\t\t\t\t\t<\/div>\n\t\t\t\t\t\t\t\t<div class=\"elementor-field-type-text elementor-field-group elementor-column elementor-field-group-field_b3c32a1 elementor-col-100\">\n\t\t\t\t\t\t\t\t\t\t\t\t<label for=\"form-field-field_b3c32a1\" class=\"elementor-field-label\">\n\t\t\t\t\t\t\t\tReferensperson 1\t\t\t\t\t\t\t<\/label>\n\t\t\t\t\t\t\t\t\t\t\t\t\t\t<input size=\"1\" type=\"text\" name=\"form_fields[field_b3c32a1]\" id=\"form-field-field_b3c32a1\" class=\"elementor-field elementor-size-xs  elementor-field-textual\" placeholder=\"Namn, mail\/telefonnummer\">\n\t\t\t\t\t\t\t\t\t\t\t<\/div>\n\t\t\t\t\t\t\t\t<div class=\"elementor-field-type-text elementor-field-group elementor-column elementor-field-group-field_c287602 elementor-col-100\">\n\t\t\t\t\t\t\t\t\t\t\t\t<label for=\"form-field-field_c287602\" class=\"elementor-field-label\">\n\t\t\t\t\t\t\t\tTidigare arbetsplats 2\t\t\t\t\t\t\t<\/label>\n\t\t\t\t\t\t\t\t\t\t\t\t\t\t<input size=\"1\" type=\"text\" name=\"form_fields[field_c287602]\" id=\"form-field-field_c287602\" class=\"elementor-field elementor-size-xs  elementor-field-textual\">\n\t\t\t\t\t\t\t\t\t\t\t<\/div>\n\t\t\t\t\t\t\t\t<div class=\"elementor-field-type-text elementor-field-group elementor-column elementor-field-group-field_8436ffe elementor-col-100\">\n\t\t\t\t\t\t\t\t\t\t\t\t<label for=\"form-field-field_8436ffe\" class=\"elementor-field-label\">\n\t\t\t\t\t\t\t\tReferensperson 2\t\t\t\t\t\t\t<\/label>\n\t\t\t\t\t\t\t\t\t\t\t\t\t\t<input size=\"1\" type=\"text\" name=\"form_fields[field_8436ffe]\" id=\"form-field-field_8436ffe\" class=\"elementor-field elementor-size-xs  elementor-field-textual\" placeholder=\"Namn, mail\/telefonnummer\">\n\t\t\t\t\t\t\t\t\t\t\t<\/div>\n\t\t\t\t\t\t\t\t<div class=\"elementor-field-type-text elementor-field-group elementor-column elementor-field-group-field_676d9dc elementor-col-100\">\n\t\t\t\t\t\t\t\t\t\t\t\t<label for=\"form-field-field_676d9dc\" class=\"elementor-field-label\">\n\t\t\t\t\t\t\t\tTidigare arbetsplats 3\t\t\t\t\t\t\t<\/label>\n\t\t\t\t\t\t\t\t\t\t\t\t\t\t<input size=\"1\" type=\"text\" name=\"form_fields[field_676d9dc]\" id=\"form-field-field_676d9dc\" class=\"elementor-field elementor-size-xs  elementor-field-textual\">\n\t\t\t\t\t\t\t\t\t\t\t<\/div>\n\t\t\t\t\t\t\t\t<div class=\"elementor-field-type-text elementor-field-group elementor-column elementor-field-group-field_dd175d5 elementor-col-100\">\n\t\t\t\t\t\t\t\t\t\t\t\t<label for=\"form-field-field_dd175d5\" class=\"elementor-field-label\">\n\t\t\t\t\t\t\t\tReferensperson 3\t\t\t\t\t\t\t<\/label>\n\t\t\t\t\t\t\t\t\t\t\t\t\t\t<input size=\"1\" type=\"text\" name=\"form_fields[field_dd175d5]\" id=\"form-field-field_dd175d5\" class=\"elementor-field elementor-size-xs  elementor-field-textual\" placeholder=\"Namn, mail\/telefonnummer\">\n\t\t\t\t\t\t\t\t\t\t\t<\/div>\n\t\t\t\t\t\t\t\t<div class=\"elementor-field-type-checkbox elementor-field-group elementor-column elementor-field-group-field_6815fc5 elementor-col-100\">\n\t\t\t\t\t\t\t\t\t\t\t\t<label for=\"form-field-field_6815fc5\" class=\"elementor-field-label\">\n\t\t\t\t\t\t\t\tUtbildning\t\t\t\t\t\t\t<\/label>\n\t\t\t\t\t\t<div class=\"elementor-field-subgroup  elementor-subgroup-inline\"><span class=\"elementor-field-option\"><input type=\"checkbox\" value=\"Grundskola\" id=\"form-field-field_6815fc5-0\" name=\"form_fields[field_6815fc5][]\"> <label for=\"form-field-field_6815fc5-0\">Grundskola<\/label><\/span><span class=\"elementor-field-option\"><input type=\"checkbox\" value=\" Gymnasium\" id=\"form-field-field_6815fc5-1\" name=\"form_fields[field_6815fc5][]\"> <label for=\"form-field-field_6815fc5-1\"> Gymnasium<\/label><\/span><span class=\"elementor-field-option\"><input type=\"checkbox\" value=\" H\u00f6gskola\/universitet\" id=\"form-field-field_6815fc5-2\" name=\"form_fields[field_6815fc5][]\"> <label for=\"form-field-field_6815fc5-2\"> H\u00f6gskola\/universitet<\/label><\/span><span class=\"elementor-field-option\"><input type=\"checkbox\" value=\" Yrkesh\u00f6gskola\" id=\"form-field-field_6815fc5-3\" name=\"form_fields[field_6815fc5][]\"> <label for=\"form-field-field_6815fc5-3\"> Yrkesh\u00f6gskola<\/label><\/span><span class=\"elementor-field-option\"><input type=\"checkbox\" value=\" Yrkesh\u00f6gskola inom bygg\" id=\"form-field-field_6815fc5-4\" name=\"form_fields[field_6815fc5][]\"> <label for=\"form-field-field_6815fc5-4\"> Yrkesh\u00f6gskola inom bygg<\/label><\/span><span class=\"elementor-field-option\"><input type=\"checkbox\" value=\" Annan byggutbildning\" id=\"form-field-field_6815fc5-5\" name=\"form_fields[field_6815fc5][]\"> <label for=\"form-field-field_6815fc5-5\"> Annan byggutbildning<\/label><\/span><\/div>\t\t\t\t<\/div>\n\t\t\t\t\t\t\t\t<div class=\"elementor-field-type-checkbox elementor-field-group elementor-column elementor-field-group-field_a701e89 elementor-col-100\">\n\t\t\t\t\t\t\t\t\t\t\t\t<label for=\"form-field-field_a701e89\" class=\"elementor-field-label\">\n\t\t\t\t\t\t\t\tGrundl\u00e4ggande\t\t\t\t\t\t\t<\/label>\n\t\t\t\t\t\t<div class=\"elementor-field-subgroup  elementor-subgroup-inline\"><span class=\"elementor-field-option\"><input type=\"checkbox\" value=\" B- k\u00f6rkort\" id=\"form-field-field_a701e89-0\" name=\"form_fields[field_a701e89][]\"> <label for=\"form-field-field_a701e89-0\"> B- k\u00f6rkort<\/label><\/span><span class=\"elementor-field-option\"><input type=\"checkbox\" value=\" Svenska, grundl\u00e4ggande\" id=\"form-field-field_a701e89-1\" name=\"form_fields[field_a701e89][]\"> <label for=\"form-field-field_a701e89-1\"> Svenska, grundl\u00e4ggande<\/label><\/span><span class=\"elementor-field-option\"><input type=\"checkbox\" value=\" Svenska, avancerad\" id=\"form-field-field_a701e89-2\" name=\"form_fields[field_a701e89][]\"> <label for=\"form-field-field_a701e89-2\"> Svenska, avancerad<\/label><\/span><span class=\"elementor-field-option\"><input type=\"checkbox\" value=\" Svenska, modersm\u00e5l\" id=\"form-field-field_a701e89-3\" name=\"form_fields[field_a701e89][]\"> <label for=\"form-field-field_a701e89-3\"> Svenska, modersm\u00e5l<\/label><\/span><span class=\"elementor-field-option\"><input type=\"checkbox\" value=\" Engelska, grundl\u00e4ggande\" id=\"form-field-field_a701e89-4\" name=\"form_fields[field_a701e89][]\"> <label for=\"form-field-field_a701e89-4\"> Engelska, grundl\u00e4ggande<\/label><\/span><span class=\"elementor-field-option\"><input type=\"checkbox\" value=\" Engelska, avancerad\" id=\"form-field-field_a701e89-5\" name=\"form_fields[field_a701e89][]\"> <label for=\"form-field-field_a701e89-5\"> Engelska, avancerad<\/label><\/span><span class=\"elementor-field-option\"><input type=\"checkbox\" value=\" Grundl\u00e4ggande datorkunskap\" id=\"form-field-field_a701e89-6\" name=\"form_fields[field_a701e89][]\"> <label for=\"form-field-field_a701e89-6\"> Grundl\u00e4ggande datorkunskap<\/label><\/span><span class=\"elementor-field-option\"><input type=\"checkbox\" value=\" Officepaketet, grunder\" id=\"form-field-field_a701e89-7\" name=\"form_fields[field_a701e89][]\"> <label for=\"form-field-field_a701e89-7\"> Officepaketet, grunder<\/label><\/span><span class=\"elementor-field-option\"><input type=\"checkbox\" value=\" Officepaketet, avancerad\" id=\"form-field-field_a701e89-8\" name=\"form_fields[field_a701e89][]\"> <label for=\"form-field-field_a701e89-8\"> Officepaketet, avancerad<\/label><\/span><\/div>\t\t\t\t<\/div>\n\t\t\t\t\t\t\t\t<div class=\"elementor-field-type-checkbox elementor-field-group elementor-column elementor-field-group-field_08b9898 elementor-col-100\">\n\t\t\t\t\t\t\t\t\t\t\t\t<label for=\"form-field-field_08b9898\" class=\"elementor-field-label\">\n\t\t\t\t\t\t\t\tMeriterande\t\t\t\t\t\t\t<\/label>\n\t\t\t\t\t\t<div class=\"elementor-field-subgroup  elementor-subgroup-inline\"><span class=\"elementor-field-option\"><input type=\"checkbox\" value=\"H\u00e4rdplastutbildning\" id=\"form-field-field_08b9898-0\" name=\"form_fields[field_08b9898][]\"> <label for=\"form-field-field_08b9898-0\">H\u00e4rdplastutbildning<\/label><\/span><span class=\"elementor-field-option\"><input type=\"checkbox\" value=\"Heta arbeten\" id=\"form-field-field_08b9898-1\" name=\"form_fields[field_08b9898][]\"> <label for=\"form-field-field_08b9898-1\">Heta arbeten<\/label><\/span><span class=\"elementor-field-option\"><input type=\"checkbox\" value=\"Kvartsdammutbildning\" id=\"form-field-field_08b9898-2\" name=\"form_fields[field_08b9898][]\"> <label for=\"form-field-field_08b9898-2\">Kvartsdammutbildning<\/label><\/span><span class=\"elementor-field-option\"><input type=\"checkbox\" value=\"Asbestutbildning\" id=\"form-field-field_08b9898-3\" name=\"form_fields[field_08b9898][]\"> <label for=\"form-field-field_08b9898-3\">Asbestutbildning<\/label><\/span><span class=\"elementor-field-option\"><input type=\"checkbox\" value=\"Annan utbildning inom golv\" id=\"form-field-field_08b9898-4\" name=\"form_fields[field_08b9898][]\"> <label for=\"form-field-field_08b9898-4\">Annan utbildning inom golv<\/label><\/span><\/div>\t\t\t\t<\/div>\n\t\t\t\t\t\t\t\t<div class=\"elementor-field-type-text elementor-field-group elementor-column elementor-field-group-field_5afc5e8 elementor-col-100\">\n\t\t\t\t\t\t\t\t\t\t\t\t<label for=\"form-field-field_5afc5e8\" class=\"elementor-field-label\">\n\t\t\t\t\t\t\t\tAndra meriter\t\t\t\t\t\t\t<\/label>\n\t\t\t\t\t\t\t\t\t\t\t\t\t\t<input size=\"1\" type=\"text\" name=\"form_fields[field_5afc5e8]\" id=\"form-field-field_5afc5e8\" class=\"elementor-field elementor-size-xs  elementor-field-textual\">\n\t\t\t\t\t\t\t\t\t\t\t<\/div>\n\t\t\t\t\t\t\t\t<div class=\"elementor-field-type-text elementor-field-group elementor-column elementor-field-group-field_2352406 elementor-col-100\">\n\t\t\t\t\t\t\t\t\t\t\t\t<label for=\"form-field-field_2352406\" class=\"elementor-field-label\">\n\t\t\t\t\t\t\t\tAllergier\t\t\t\t\t\t\t<\/label>\n\t\t\t\t\t\t\t\t\t\t\t\t\t\t<input size=\"1\" type=\"text\" name=\"form_fields[field_2352406]\" id=\"form-field-field_2352406\" class=\"elementor-field elementor-size-xs  elementor-field-textual\" placeholder=\"Ange eventuella allergier (epoxi eller liknande)\">\n\t\t\t\t\t\t\t\t\t\t\t<\/div>\n\t\t\t\t\t\t\t\t<div class=\"elementor-field-type-checkbox elementor-field-group elementor-column elementor-field-group-field_3f25308 elementor-col-100\">\n\t\t\t\t\t\t\t\t\t\t\t\t<label for=\"form-field-field_3f25308\" class=\"elementor-field-label\">\n\t\t\t\t\t\t\t\tVad vill du helst jobba med?\t\t\t\t\t\t\t<\/label>\n\t\t\t\t\t\t<div class=\"elementor-field-subgroup  elementor-subgroup-inline\"><span class=\"elementor-field-option\"><input type=\"checkbox\" value=\" Betongslipning (HTC Superfloor)\" id=\"form-field-field_3f25308-0\" name=\"form_fields[field_3f25308][]\"> <label for=\"form-field-field_3f25308-0\"> Betongslipning (HTC Superfloor)<\/label><\/span><span class=\"elementor-field-option\"><input type=\"checkbox\" value=\" H\u00e4rdplastbel\u00e4ggning (epoxi, akryl, polyuretan)\" id=\"form-field-field_3f25308-1\" name=\"form_fields[field_3f25308][]\"> <label for=\"form-field-field_3f25308-1\"> H\u00e4rdplastbel\u00e4ggning (epoxi, akryl, polyuretan)<\/label><\/span><span class=\"elementor-field-option\"><input type=\"checkbox\" value=\" Flytspackling\/renovering\/grovarbeten\" id=\"form-field-field_3f25308-2\" name=\"form_fields[field_3f25308][]\"> <label for=\"form-field-field_3f25308-2\"> Flytspackling\/renovering\/grovarbeten<\/label><\/span><span class=\"elementor-field-option\"><input type=\"checkbox\" value=\" Annat\" id=\"form-field-field_3f25308-3\" name=\"form_fields[field_3f25308][]\"> <label for=\"form-field-field_3f25308-3\"> Annat<\/label><\/span><\/div>\t\t\t\t<\/div>\n\t\t\t\t\t\t\t\t<div class=\"elementor-field-type-radio elementor-field-group elementor-column elementor-field-group-field_b4fadd5 elementor-col-100\">\n\t\t\t\t\t\t\t\t\t\t\t\t<label for=\"form-field-field_b4fadd5\" class=\"elementor-field-label\">\n\t\t\t\t\t\t\t\t\u00c4r du beredd att ligga borta p\u00e5 jobb?\t\t\t\t\t\t\t<\/label>\n\t\t\t\t\t\t<div class=\"elementor-field-subgroup  \"><span class=\"elementor-field-option\"><input type=\"radio\" value=\"Ja\" id=\"form-field-field_b4fadd5-0\" name=\"form_fields[field_b4fadd5]\"> <label for=\"form-field-field_b4fadd5-0\">Ja<\/label><\/span><span class=\"elementor-field-option\"><input type=\"radio\" value=\"Nej\" id=\"form-field-field_b4fadd5-1\" name=\"form_fields[field_b4fadd5]\"> <label for=\"form-field-field_b4fadd5-1\">Nej<\/label><\/span><\/div>\t\t\t\t<\/div>\n\t\t\t\t\t\t\t\t<div class=\"elementor-field-type-checkbox elementor-field-group elementor-column elementor-field-group-field_16c2453 elementor-col-100\">\n\t\t\t\t\t\t\t\t\t\t\t\t<label for=\"form-field-field_16c2453\" class=\"elementor-field-label\">\n\t\t\t\t\t\t\t\tHur snart kan du b\u00f6rja jobba?\t\t\t\t\t\t\t<\/label>\n\t\t\t\t\t\t<div class=\"elementor-field-subgroup  elementor-subgroup-inline\"><span class=\"elementor-field-option\"><input type=\"checkbox\" value=\" Omg\u00e5ende\" id=\"form-field-field_16c2453-0\" name=\"form_fields[field_16c2453][]\"> <label for=\"form-field-field_16c2453-0\"> Omg\u00e5ende<\/label><\/span><span class=\"elementor-field-option\"><input type=\"checkbox\" value=\" Inom n\u00e5gra veckor\" id=\"form-field-field_16c2453-1\" name=\"form_fields[field_16c2453][]\"> <label for=\"form-field-field_16c2453-1\"> Inom n\u00e5gra veckor<\/label><\/span><span class=\"elementor-field-option\"><input type=\"checkbox\" value=\" 3 m\u00e5nader\" id=\"form-field-field_16c2453-2\" name=\"form_fields[field_16c2453][]\"> <label for=\"form-field-field_16c2453-2\"> 3 m\u00e5nader<\/label><\/span><span class=\"elementor-field-option\"><input type=\"checkbox\" value=\" L\u00e4ngre fram\" id=\"form-field-field_16c2453-3\" name=\"form_fields[field_16c2453][]\"> <label for=\"form-field-field_16c2453-3\"> L\u00e4ngre fram<\/label><\/span><\/div>\t\t\t\t<\/div>\n\t\t\t\t\t\t\t\t<div class=\"elementor-field-type-checkbox elementor-field-group elementor-column elementor-field-group-field_42fb13c elementor-col-100\">\n\t\t\t\t\t\t\t\t\t\t\t\t<label for=\"form-field-field_42fb13c\" class=\"elementor-field-label\">\n\t\t\t\t\t\t\t\tVad s\u00f6ker du?\t\t\t\t\t\t\t<\/label>\n\t\t\t\t\t\t<div class=\"elementor-field-subgroup  elementor-subgroup-inline\"><span class=\"elementor-field-option\"><input type=\"checkbox\" value=\" Anst\u00e4llning\" id=\"form-field-field_42fb13c-0\" name=\"form_fields[field_42fb13c][]\"> <label for=\"form-field-field_42fb13c-0\"> Anst\u00e4llning<\/label><\/span><span class=\"elementor-field-option\"><input type=\"checkbox\" value=\" Uppdrag som UE\" id=\"form-field-field_42fb13c-1\" name=\"form_fields[field_42fb13c][]\"> <label for=\"form-field-field_42fb13c-1\"> Uppdrag som UE<\/label><\/span><\/div>\t\t\t\t<\/div>\n\t\t\t\t\t\t\t\t<div class=\"elementor-field-type-textarea elementor-field-group elementor-column elementor-field-group-field_c45e040 elementor-col-100\">\n\t\t\t\t\t\t\t\t\t\t\t\t<label for=\"form-field-field_c45e040\" class=\"elementor-field-label\">\n\t\t\t\t\t\t\t\tBer\u00e4tta om dig\t\t\t\t\t\t\t<\/label>\n\t\t\t\t\t\t<textarea class=\"elementor-field-textual elementor-field  elementor-size-xs\" name=\"form_fields[field_c45e040]\" id=\"form-field-field_c45e040\" rows=\"4\" placeholder=\"Ber\u00e4tta n\u00e5got om dig som kan vara kul att veta. Max tre meningar.\"><\/textarea>\t\t\t\t<\/div>\n\t\t\t\t\t\t\t\t<div class=\"elementor-field-type-upload elementor-field-group elementor-column elementor-field-group-field_effb6d7 elementor-col-100\">\n\t\t\t\t\t\t\t\t\t\t\t\t<label for=\"form-field-field_effb6d7\" class=\"elementor-field-label\">\n\t\t\t\t\t\t\t\tBifoga filer\t\t\t\t\t\t\t<\/label>\n\t\t\t\t\t\t\t\t<input type=\"file\" name=\"form_fields[field_effb6d7]\" id=\"form-field-field_effb6d7\" class=\"elementor-field elementor-size-xs  elementor-upload-field\">\n\n\t\t\t\t\t\t<\/div>\n\t\t\t\t\t\t\t\t<div class=\"elementor-field-group elementor-column elementor-field-type-submit elementor-col-100 e-form__buttons\">\n\t\t\t\t\t<button type=\"submit\" class=\"elementor-button elementor-size-sm\">\n\t\t\t\t\t\t<span >\n\t\t\t\t\t\t\t\t\t\t\t\t\t\t\t<span class=\" elementor-button-icon\">\n\t\t\t\t\t\t\t\t\t\t\t\t\t\t\t\t\t\t\t\t\t\t\t\t\t\t<\/span>\n\t\t\t\t\t\t\t\t\t\t\t\t\t\t\t\t\t\t\t\t\t\t<span class=\"elementor-button-text\">Skicka<\/span>\n\t\t\t\t\t\t\t\t\t\t\t\t\t<\/span>\n\t\t\t\t\t<\/button>\n\t\t\t\t<\/div>\n\t\t\t<\/div>\n\t\t<\/form>\n\t\t\t\t\t\t<\/div>\n\t\t\t\t<\/div>\n\t\t\t\t\t<\/div>\n\t\t<\/div>\n\t\t\t\t\t<\/div>\n\t\t<\/section>\n\t\t\t\t<\/div>\n\t\t","protected":false},"excerpt":{"rendered":"<p>S\u00f6k jobb utan CV eller personligt brev H\u00e4r kan du s\u00f6ka jobb som golvl\u00e4ggare hos oss! Vi rekryterar kontinuerligt och beh\u00f6ver ofta personal. N\u00e4r du s\u00f6ker genom detta formul\u00e4r hamnar du i v\u00e5r databas f\u00f6r arbetstagare, vilket betyder att vi kan ta kontakt med dig n\u00e4r vi s\u00f6ker personal. Genom att s\u00f6ka genom detta formul\u00e4r [&hellip;]<\/p>\n","protected":false},"author":3,"featured_media":0,"parent":0,"menu_order":0,"comment_status":"closed","ping_status":"closed","template":"elementor_header_footer","meta":{"footnotes":""},"class_list":["post-1769","page","type-page","status-publish","hentry"],"_links":{"self":[{"href":"http:\/\/176.32.230.6\/heimdall.se\/wp-json\/wp\/v2\/pages\/1769","targetHints":{"allow":["GET"]}}],"collection":[{"href":"http:\/\/176.32.230.6\/heimdall.se\/wp-json\/wp\/v2\/pages"}],"about":[{"href":"http:\/\/176.32.230.6\/heimdall.se\/wp-json\/wp\/v2\/types\/page"}],"author":[{"embeddable":true,"href":"http:\/\/176.32.230.6\/heimdall.se\/wp-json\/wp\/v2\/users\/3"}],"replies":[{"embeddable":true,"href":"http:\/\/176.32.230.6\/heimdall.se\/wp-json\/wp\/v2\/comments?post=1769"}],"version-history":[{"count":16,"href":"http:\/\/176.32.230.6\/heimdall.se\/wp-json\/wp\/v2\/pages\/1769\/revisions"}],"predecessor-version":[{"id":1958,"href":"http:\/\/176.32.230.6\/heimdall.se\/wp-json\/wp\/v2\/pages\/1769\/revisions\/1958"}],"wp:attachment":[{"href":"http:\/\/176.32.230.6\/heimdall.se\/wp-json\/wp\/v2\/media?parent=1769"}],"curies":[{"name":"wp","href":"https:\/\/api.w.org\/{rel}","templated":true}]}}