{"id":1433,"date":"2022-08-11T12:40:21","date_gmt":"2022-08-11T12:40:21","guid":{"rendered":"http:\/\/176.32.230.6\/heimdall.se\/?page_id=1433"},"modified":"2023-01-31T13:42:02","modified_gmt":"2023-01-31T13:42:02","slug":"polyuretan-och-parkeringshus","status":"publish","type":"page","link":"http:\/\/176.32.230.6\/heimdall.se\/polyuretan-och-parkeringshus\/","title":{"rendered":"Polyuretan och parkeringshus"},"content":{"rendered":"\t\t<div data-elementor-type=\"wp-page\" data-elementor-id=\"1433\" class=\"elementor elementor-1433\">\n\t\t\t\t\t\t<section class=\"elementor-section elementor-top-section elementor-element elementor-element-310de09c elementor-section-boxed elementor-section-height-default elementor-section-height-default\" data-id=\"310de09c\" data-element_type=\"section\" data-e-type=\"section\">\n\t\t\t\t\t\t<div class=\"elementor-container elementor-column-gap-default\">\n\t\t\t\t\t<div class=\"elementor-column elementor-col-100 elementor-top-column elementor-element elementor-element-234d720c\" data-id=\"234d720c\" data-element_type=\"column\" data-e-type=\"column\">\n\t\t\t<div class=\"elementor-widget-wrap elementor-element-populated\">\n\t\t\t\t\t\t<div class=\"elementor-element elementor-element-6b14150e elementor-widget elementor-widget-heading\" data-id=\"6b14150e\" data-element_type=\"widget\" data-e-type=\"widget\" data-widget_type=\"heading.default\">\n\t\t\t\t<div class=\"elementor-widget-container\">\n\t\t\t\t\t<h1 class=\"elementor-heading-title elementor-size-default\">Polyuretan och parkeringshus<\/h1>\t\t\t\t<\/div>\n\t\t\t\t<\/div>\n\t\t\t\t<div class=\"elementor-element elementor-element-3c83d309 elementor-widget elementor-widget-text-editor\" data-id=\"3c83d309\" data-element_type=\"widget\" data-e-type=\"widget\" data-widget_type=\"text-editor.default\">\n\t\t\t\t<div class=\"elementor-widget-container\">\n\t\t\t\t\t\t\t\t\t<p>Polyuretanbel\u00e4ggning kan appliceras p\u00e5 asfalt, st\u00e5l och betongunderlag vilket g\u00f6r det till en allsidig bel\u00e4ggning. Vi rekommenderar polyuretan om du vill erh\u00e5lla en hygienisk, flexibel och kemikalieressistent golvbel\u00e4ggning. Den h\u00e4r typen av massagolv rekommenderar vi alltid i parkeringshus d\u00e4r kemikalier l\u00e4cker och dubbd\u00e4ck river ytan. Det \u00e4r en n\u00f6dv\u00e4ndighet att ha ett bra ytskikt f\u00f6r att hindra detta och polyuretanens egenskaper ger dig en b\u00e4ttre ekonomi!<\/p>\t\t\t\t\t\t\t\t<\/div>\n\t\t\t\t<\/div>\n\t\t\t\t<div class=\"elementor-element elementor-element-0a0bedd elementor-widget elementor-widget-button\" data-id=\"0a0bedd\" data-element_type=\"widget\" data-e-type=\"widget\" data-widget_type=\"button.default\">\n\t\t\t\t<div class=\"elementor-widget-container\">\n\t\t\t\t\t\t\t\t\t<div class=\"elementor-button-wrapper\">\n\t\t\t\t\t<a class=\"elementor-button elementor-button-link elementor-size-md\" href=\"http:\/\/176.32.230.6\/heimdall.se\/offert\/\">\n\t\t\t\t\t\t<span class=\"elementor-button-content-wrapper\">\n\t\t\t\t\t\t<span class=\"elementor-button-icon\">\n\t\t\t\t<i aria-hidden=\"true\" class=\"fas fa-angle-double-right\"><\/i>\t\t\t<\/span>\n\t\t\t\t\t\t\t\t\t<span class=\"elementor-button-text\">Offertf\u00f6rfr\u00e5gan<\/span>\n\t\t\t\t\t<\/span>\n\t\t\t\t\t<\/a>\n\t\t\t\t<\/div>\n\t\t\t\t\t\t\t\t<\/div>\n\t\t\t\t<\/div>\n\t\t\t\t<div class=\"elementor-element elementor-element-1fee394f elementor-widget elementor-widget-image\" data-id=\"1fee394f\" data-element_type=\"widget\" data-e-type=\"widget\" data-widget_type=\"image.default\">\n\t\t\t\t<div class=\"elementor-widget-container\">\n\t\t\t\t\t\t\t\t\t\t\t\t\t\t\t<img fetchpriority=\"high\" decoding=\"async\" width=\"700\" height=\"525\" src=\"http:\/\/176.32.230.6\/heimdall.se\/wp-content\/uploads\/2022\/08\/polyuretan-och-parkeringshus.jpg\" class=\"attachment-large size-large wp-image-1437\" alt=\"polyuretan och parkeringshus\" srcset=\"http:\/\/176.32.230.6\/heimdall.se\/wp-content\/uploads\/2022\/08\/polyuretan-och-parkeringshus.jpg 700w, http:\/\/176.32.230.6\/heimdall.se\/wp-content\/uploads\/2022\/08\/polyuretan-och-parkeringshus-300x225.jpg 300w\" sizes=\"(max-width: 700px) 100vw, 700px\" \/>\t\t\t\t\t\t\t\t\t\t\t\t\t\t\t<\/div>\n\t\t\t\t<\/div>\n\t\t\t\t<div class=\"elementor-element elementor-element-4ba52807 elementor-widget elementor-widget-text-editor\" data-id=\"4ba52807\" data-element_type=\"widget\" data-e-type=\"widget\" data-widget_type=\"text-editor.default\">\n\t\t\t\t<div class=\"elementor-widget-container\">\n\t\t\t\t\t\t\t\t\t<p>Polyuretanbel\u00e4ggning fungerar \u00e4ven i tung industri eller i butiker tack vare bel\u00e4ggningens hygieniska och kemikalieresistenta egenskaper. Det \u00e4r dessutom i industri- och butiksmilj\u00f6er relativt tung belastning med g\u00e5ngtrafik och truckar som g\u00f6r att kraven p\u00e5 hygien och flexibilitet \u00f6kar.<\/p><p>Vi rekommenderar <a href=\"http:\/\/swe.sika.com\/sv\/mf-flooring\/sika-flooring-and-coating-solutions\/Valj-golv\/Kontor\/Parkeringshus.html\">Sikafloor Cardeck<\/a>\u00a0eller\u00a0<a href=\"http:\/\/www.flowcrete.se\/vaara-golvsystem\/deckshield\/\">Flowcrete Deckshield ID<\/a>.<\/p>\t\t\t\t\t\t\t\t<\/div>\n\t\t\t\t<\/div>\n\t\t\t\t\t<\/div>\n\t\t<\/div>\n\t\t\t\t\t<\/div>\n\t\t<\/section>\n\t\t\t\t<\/div>\n\t\t","protected":false},"excerpt":{"rendered":"<p>Polyuretan och parkeringshus Polyuretanbel\u00e4ggning kan appliceras p\u00e5 asfalt, st\u00e5l och betongunderlag vilket g\u00f6r det till en allsidig bel\u00e4ggning. Vi rekommenderar polyuretan om du vill erh\u00e5lla en hygienisk, flexibel och kemikalieressistent golvbel\u00e4ggning. Den h\u00e4r typen av massagolv rekommenderar vi alltid i parkeringshus d\u00e4r kemikalier l\u00e4cker och dubbd\u00e4ck river ytan. Det \u00e4r en n\u00f6dv\u00e4ndighet att ha ett [&hellip;]<\/p>\n","protected":false},"author":3,"featured_media":0,"parent":0,"menu_order":0,"comment_status":"closed","ping_status":"closed","template":"elementor_header_footer","meta":{"footnotes":""},"class_list":["post-1433","page","type-page","status-publish","hentry"],"_links":{"self":[{"href":"http:\/\/176.32.230.6\/heimdall.se\/wp-json\/wp\/v2\/pages\/1433","targetHints":{"allow":["GET"]}}],"collection":[{"href":"http:\/\/176.32.230.6\/heimdall.se\/wp-json\/wp\/v2\/pages"}],"about":[{"href":"http:\/\/176.32.230.6\/heimdall.se\/wp-json\/wp\/v2\/types\/page"}],"author":[{"embeddable":true,"href":"http:\/\/176.32.230.6\/heimdall.se\/wp-json\/wp\/v2\/users\/3"}],"replies":[{"embeddable":true,"href":"http:\/\/176.32.230.6\/heimdall.se\/wp-json\/wp\/v2\/comments?post=1433"}],"version-history":[{"count":7,"href":"http:\/\/176.32.230.6\/heimdall.se\/wp-json\/wp\/v2\/pages\/1433\/revisions"}],"predecessor-version":[{"id":1852,"href":"http:\/\/176.32.230.6\/heimdall.se\/wp-json\/wp\/v2\/pages\/1433\/revisions\/1852"}],"wp:attachment":[{"href":"http:\/\/176.32.230.6\/heimdall.se\/wp-json\/wp\/v2\/media?parent=1433"}],"curies":[{"name":"wp","href":"https:\/\/api.w.org\/{rel}","templated":true}]}}