{"id":1284,"date":"2022-08-10T12:16:51","date_gmt":"2022-08-10T12:16:51","guid":{"rendered":"http:\/\/176.32.230.6\/heimdall.se\/?page_id=1284"},"modified":"2023-01-31T13:19:22","modified_gmt":"2023-01-31T13:19:22","slug":"htc-superfloor","status":"publish","type":"page","link":"http:\/\/176.32.230.6\/heimdall.se\/htc-superfloor\/","title":{"rendered":"HTC Superfloor"},"content":{"rendered":"\t\t<div data-elementor-type=\"wp-page\" data-elementor-id=\"1284\" class=\"elementor elementor-1284\">\n\t\t\t\t\t\t<section class=\"elementor-section elementor-top-section elementor-element elementor-element-10a42e54 elementor-section-boxed elementor-section-height-default elementor-section-height-default\" data-id=\"10a42e54\" data-element_type=\"section\" data-e-type=\"section\">\n\t\t\t\t\t\t<div class=\"elementor-container elementor-column-gap-default\">\n\t\t\t\t\t<div class=\"elementor-column elementor-col-100 elementor-top-column elementor-element elementor-element-1cc87bba\" data-id=\"1cc87bba\" data-element_type=\"column\" data-e-type=\"column\">\n\t\t\t<div class=\"elementor-widget-wrap elementor-element-populated\">\n\t\t\t\t\t\t<div class=\"elementor-element elementor-element-4e53c654 elementor-widget elementor-widget-heading\" data-id=\"4e53c654\" data-element_type=\"widget\" data-e-type=\"widget\" data-widget_type=\"heading.default\">\n\t\t\t\t<div class=\"elementor-widget-container\">\n\t\t\t\t\t<h1 class=\"elementor-heading-title elementor-size-default\">HTC Superfloor\u2122<\/h1>\t\t\t\t<\/div>\n\t\t\t\t<\/div>\n\t\t\t\t<div class=\"elementor-element elementor-element-7f15b96e elementor-widget elementor-widget-text-editor\" data-id=\"7f15b96e\" data-element_type=\"widget\" data-e-type=\"widget\" data-widget_type=\"text-editor.default\">\n\t\t\t\t<div class=\"elementor-widget-container\">\n\t\t\t\t\t\t\t\t\t<p>HTC Superfloor\u2122 finns i fyra varianter f\u00f6r att passa olika smak och behov. De fyra olika koncepten heter Platinum, Gold, Silver och Bronze och de har alla sina egna unika egenskaper. Valfriheten g\u00f6r att betongslipning enligt HTC Superfloor l\u00e4mpar sig i b\u00e5de hem, publik och industriell milj\u00f6. Se v\u00e5ra\u00a0<a href=\"http:\/\/176.32.230.6\/heimdall.se\/projekt\/\">referenser<\/a>\u00a0eller f\u00f6lj oss p\u00e5\u00a0<a href=\"https:\/\/www.facebook.com\/heimdallindustrigolv\/?ref=bookmarks\">Facebook<\/a>\u00a0eller\u00a0<a href=\"https:\/\/www.instagram.com\/heimdall_industrigolv\/\">Instagram<\/a>\u00a0om du vill se fler av v\u00e5ra golv.\u00a0<\/p>\t\t\t\t\t\t\t\t<\/div>\n\t\t\t\t<\/div>\n\t\t\t\t<div class=\"elementor-element elementor-element-d633e15 elementor-widget elementor-widget-button\" data-id=\"d633e15\" data-element_type=\"widget\" data-e-type=\"widget\" data-widget_type=\"button.default\">\n\t\t\t\t<div class=\"elementor-widget-container\">\n\t\t\t\t\t\t\t\t\t<div class=\"elementor-button-wrapper\">\n\t\t\t\t\t<a class=\"elementor-button elementor-button-link elementor-size-md\" href=\"http:\/\/176.32.230.6\/heimdall.se\/offert\/\">\n\t\t\t\t\t\t<span class=\"elementor-button-content-wrapper\">\n\t\t\t\t\t\t<span class=\"elementor-button-icon\">\n\t\t\t\t<i aria-hidden=\"true\" class=\"fas fa-angle-double-right\"><\/i>\t\t\t<\/span>\n\t\t\t\t\t\t\t\t\t<span class=\"elementor-button-text\">Offertf\u00f6rfr\u00e5gan<\/span>\n\t\t\t\t\t<\/span>\n\t\t\t\t\t<\/a>\n\t\t\t\t<\/div>\n\t\t\t\t\t\t\t\t<\/div>\n\t\t\t\t<\/div>\n\t\t\t\t<div class=\"elementor-element elementor-element-7f71a8dc elementor-widget elementor-widget-image\" data-id=\"7f71a8dc\" data-element_type=\"widget\" data-e-type=\"widget\" data-widget_type=\"image.default\">\n\t\t\t\t<div class=\"elementor-widget-container\">\n\t\t\t\t\t\t\t\t\t\t\t\t\t\t\t<img fetchpriority=\"high\" decoding=\"async\" width=\"800\" height=\"600\" src=\"http:\/\/176.32.230.6\/heimdall.se\/wp-content\/uploads\/2022\/08\/HTC-Superfloor-Heimdall.jpg\" class=\"attachment-large size-large wp-image-1104\" alt=\"HTC-Superfloor-Heimdall\" srcset=\"http:\/\/176.32.230.6\/heimdall.se\/wp-content\/uploads\/2022\/08\/HTC-Superfloor-Heimdall.jpg 1024w, http:\/\/176.32.230.6\/heimdall.se\/wp-content\/uploads\/2022\/08\/HTC-Superfloor-Heimdall-300x225.jpg 300w, http:\/\/176.32.230.6\/heimdall.se\/wp-content\/uploads\/2022\/08\/HTC-Superfloor-Heimdall-768x576.jpg 768w\" sizes=\"(max-width: 800px) 100vw, 800px\" \/>\t\t\t\t\t\t\t\t\t\t\t\t\t\t\t<\/div>\n\t\t\t\t<\/div>\n\t\t\t\t<div class=\"elementor-element elementor-element-482c5425 elementor-widget elementor-widget-text-editor\" data-id=\"482c5425\" data-element_type=\"widget\" data-e-type=\"widget\" data-widget_type=\"text-editor.default\">\n\t\t\t\t<div class=\"elementor-widget-container\">\n\t\t\t\t\t\t\t\t\t<h2>4 slipkoncept<\/h2><ul><li><strong>HTC Superfloor<\/strong><span class=\"\">\u2122<\/span><strong>\u00a0Platinum &#8211;\u00a0<\/strong>Platinumkonceptet \u00e4r det koncept vi talar allra varmast om. Betongslipningen sker i sju steg och d\u00e5 ing\u00e5r flera grovsteg och allra flest polersteg. Ballasten och den undre mer slitstarka betongen kommer fram eftersom betonghuden avl\u00e4gsnas.\u00a0\u00a0<\/li><li>\u00a0<strong>HTC Superfloor<\/strong><span class=\"\">\u2122\u00a0<strong>Gold &#8211;\u00a0<\/strong>I detta koncept slipar vi inte ned lika djupt som i platinumkonceptet men golvet poleras lika noggrant som i platinum och d\u00e4rf\u00f6r ger det n\u00e4stan samma estetiska egenskaper. Generellt brukar inte lika mycket sten komma fram men det beror \u00e4ven p\u00e5 gjutning och betongens skick.<\/span><\/li><li><strong>HTC Superfloor<\/strong><span class=\"\">\u2122\u00a0<strong>Silver &#8211;\u00a0<\/strong>N\u00e4r vi genomf\u00f6r betongslipning enligt HTC Superfloor Silver l\u00e4mnas en\u00a0sidenmatt yta. Ballasten blir exponerad eftersom man slipar bort betonghuden\u00a0med grovsteg.<\/span><\/li><li><strong>HTC Superfloor<\/strong><span class=\"\">\u2122\u00a0<strong>Bronze &#8211;\u00a0<\/strong>H\u00e4r slipas inte betonghuden bort. Betongen m\u00e5ste dock vara i v\u00e4ldigt gott skick om denna betongslipning ska kunna genomf\u00f6ras.<\/span><\/li><\/ul>\t\t\t\t\t\t\t\t<\/div>\n\t\t\t\t<\/div>\n\t\t\t\t\t<\/div>\n\t\t<\/div>\n\t\t\t\t\t<\/div>\n\t\t<\/section>\n\t\t\t\t<\/div>\n\t\t","protected":false},"excerpt":{"rendered":"<p>HTC Superfloor\u2122 HTC Superfloor\u2122 finns i fyra varianter f\u00f6r att passa olika smak och behov. De fyra olika koncepten heter Platinum, Gold, Silver och Bronze och de har alla sina egna unika egenskaper. Valfriheten g\u00f6r att betongslipning enligt HTC Superfloor l\u00e4mpar sig i b\u00e5de hem, publik och industriell milj\u00f6. Se v\u00e5ra\u00a0referenser\u00a0eller f\u00f6lj oss p\u00e5\u00a0Facebook\u00a0eller\u00a0Instagram\u00a0om du [&hellip;]<\/p>\n","protected":false},"author":3,"featured_media":0,"parent":0,"menu_order":0,"comment_status":"closed","ping_status":"closed","template":"elementor_header_footer","meta":{"footnotes":""},"class_list":["post-1284","page","type-page","status-publish","hentry"],"_links":{"self":[{"href":"http:\/\/176.32.230.6\/heimdall.se\/wp-json\/wp\/v2\/pages\/1284","targetHints":{"allow":["GET"]}}],"collection":[{"href":"http:\/\/176.32.230.6\/heimdall.se\/wp-json\/wp\/v2\/pages"}],"about":[{"href":"http:\/\/176.32.230.6\/heimdall.se\/wp-json\/wp\/v2\/types\/page"}],"author":[{"embeddable":true,"href":"http:\/\/176.32.230.6\/heimdall.se\/wp-json\/wp\/v2\/users\/3"}],"replies":[{"embeddable":true,"href":"http:\/\/176.32.230.6\/heimdall.se\/wp-json\/wp\/v2\/comments?post=1284"}],"version-history":[{"count":31,"href":"http:\/\/176.32.230.6\/heimdall.se\/wp-json\/wp\/v2\/pages\/1284\/revisions"}],"predecessor-version":[{"id":1831,"href":"http:\/\/176.32.230.6\/heimdall.se\/wp-json\/wp\/v2\/pages\/1284\/revisions\/1831"}],"wp:attachment":[{"href":"http:\/\/176.32.230.6\/heimdall.se\/wp-json\/wp\/v2\/media?parent=1284"}],"curies":[{"name":"wp","href":"https:\/\/api.w.org\/{rel}","templated":true}]}}